d by y?
19
Let o(f) = f**2 + 3*f + 1. Let p be o(-3). Let g(z) = 3*z**2 - z + 2. Let l be g(p). Suppose 9 + 331 = l*x. What is the remainder when x is divided by 22?
19
Let a = 7 + -4. Let g = -46 - -50. Suppose -g*z + 12 = -2*s, -3*s - a = -z - s. Calculate the remainder when z is divided by 2.
1
Let u be 187/(-44)*(0 - 4). Calculate the remainder when 36/2 + u + -20 is divided by 2 - 6/(-4) - (-6)/(-4).
1
Let s = 3998 + -838. Let o = -20 + 28. Calculate the remainder when (-3)/21 - s/(-70) is divided by o.
5
Let v be 3/6*-2*-4. Suppose -i - v*i + 705 = 0. Let l = -1332 - -1356. Calculate the remainder when i is divided by l.
21
Calculate the remainder when 685*(-132)/(-550) - (-2)/(-5) is divided by 7.
3
Let p = 849 + -816. What is the remainder when p is divided by 11?
0
Suppose -5*q + 530 = -2*d, 164*d - q - 542 = 166*d. Calculate the remainder when 296 is divided by (-8 - -7)/(9/d).
26
Suppose -6690*n - 1155 = -6855*n. Suppose w - 20 = -0*w. What is the remainder when w is divided by n?
6
Let i(h) = -2*h**3 - 24*h**2 - 137*h - 26. What is the remainder when i(-19) is divided by 6?
5
Let h be 8/52 - 1*(-2240)/(-26). Let x = 90 + h. What is the remainder when 43 is divided by x?
3
Let t be -2 + (-2)/(-16) + 372/96. Suppose 4*c - 2*k - 192 = k, 2*c - t*k - 94 = 0. What is the remainder when 146 is divided by c?
44
Suppose 1661 = 8*w + 333. Calculate the remainder when 374 is divided by w.
42
Suppose 87*t - 25324 - 164248 = -21227. Calculate the remainder when t is divided by 17.
14
Suppose -z - 42 + 62 = 0. Suppose 3*q - 58 = z. Calculate the remainder when q is divided by 7.
5
Suppose 0*r = 2*r - 30. Let d(o) = o**2 + 6*o + 11. Let p be d(-3). What is the remainder when 4/p + (-28)/3*-6 is divided by r?
13
Let m(j) = 4*j**2 + 2*j + 4. Let r = 61 - 56. Suppose 2*t + r*v - v = 12, 2*t - v = -8. What is the remainder when m(t) is divided by 9?
7
Suppose 0 = 2*p + p - 15. Suppose 3*j - 88 = 4*q + 38, 0 = -j - p*q + 42. Suppose j*s - 39*s - 60 = 0. Calculate the remainder when s is divided by 11.
9
Suppose -34258 + 38152 = 11*z. What is the remainder when z is divided by 154?
46
Let n be 0*(13/65)/((-8)/(-10)). Suppose 4*c - 2*d = 346, 2*c - 4*c - 3*d + 185 = n. What is the remainder when c is divided by 55?
33
Let c(w) = w**3 + 68*w**2 - 2680*w - 24. Calculate the remainder when c(28) is divided by 53.
41
Let y = 109 + -107. Let w(d) = 61*d - 22. Calculate the remainder when w(y) is divided by 17.
15
Let y = -89 + 109. Calculate the remainder when 3599 is divided by y.
19
Let o(m) = 10*m + 84. Let p be o(-11). Calculate the remainder when 49 is divided by 12 + -1 + p/(-13).
10
Suppose -4*f - 45237 + 14547 = -97*f. Calculate the remainder when 350 is divided by f.
20
Calculate the remainder when 3406 is divided by (-6230)/(-11) + (9/3 - (-333)/(-99)).
10
Suppose -9*s - 314 = -965 - 888. What is the remainder when 708 is divided by s?
24
Suppose 0 = f - 4 + 5. Let r be 40848/(-2277) - (-4)/(-66). What is the remainder when 24 is divided by ((-15)/(-18))/(f - 21/r)?
4
Let o be 3/((-4 - -7) + -2). Suppose -o*s + 12*s + 396 = 0. Let q = s - -63. Calculate the remainder when q is divided by 4.
3
Let r = 104 + -101. Suppose 6*j = r*j + 795. Suppose -5*c + j = 80. What is the remainder when c is divided by 18?
1
Let k = -476 - -816. Suppose 505 = 5*m + k. Calculate the remainder when m is divided by 28.
5
Suppose 6*p - 30 = -9*p. Suppose -2*j + p + 23 = 3*u, 4*j - 65 = -u. What is the remainder when 48 is divided by j?
14
Suppose -5*z = 3*r - 1490, -215*z + 1229 = -211*z - 5*r. Calculate the remainder when 339 is divided by z.
38
Suppose o - 22 = -43. Let w(b) = -2*b**2 - 49*b + 51. Calculate the remainder when w(o) is divided by 40.
38
Suppose -4*n = -5*g - 709, -3*n + 0*g = 5*g - 523. What is the remainder when n is divided by (0 - (-156)/4) + 13 + -16?
32
Let h = -11 + 12. Let a be (-8)/((-4)/(-1)) + 2 + h. What is the remainder when 110 is divided by -4 + 1 + 17/a?
12
Let j(l) = -22*l - 27. Let n(p) = p**2 - 14*p + 36. Let r be n(10). What is the remainder when j(r) is divided by 13?
9
Calculate the remainder when 114 is divided by (-12 - 16/(-5))/((-2)/15).
48
Suppose 0 = 3*g + g - 572. Suppose -204 = -5*q + 3*i - 123, -5*i = 5*q - 105. What is the remainder when g is divided by q?
17
What is the remainder when 2006 is divided by ((-6232)/114)/((-16)/12)?
38
Let g(o) be the first derivative of -o**4/4 + o**2 + 2*o - 141. Let r be -1*(-1)/(-2)*0. Calculate the remainder when 6 is divided by g(r).
0
Let y be (-920)/(-6)*15*(-5)/(-25). Let b = -440 + y. Let m(h) = 5*h**2 - 3*h + 3. Calculate the remainder when m(4) is divided by b.
11
Suppose 2*s = -4*x + 346, -4*x = -4*s - 5*x + 727. Suppose 209*t = 42*t + 8350. Calculate the remainder when s is divided by t.
33
Suppose 4*v + 0*v + 20 = 0. Let a(b) = 2680*b - 35 - 1347*b - 1348*b. What is the remainder when 119 is divided by a(v)?
39
Let o(b) = 109*b**2 - 121*b - 7. What is the remainder when 2785 is divided by o(2)?
167
Let v(j) = j - 2. Let m(x) = -16*x + 99. Let k(t) = -m(t) - 6*v(t). What is the remainder when k(12) is divided by 21?
12
Suppose 0 = -0*z - 2*z + 8. Suppose 19*r - 20*r = -z. What is the remainder when (r - 5)*5*-3 is divided by 4?
3
Suppose -18 = -2*i - 4*m, 0 = 5*i + 2*m + 13 - 74. Let d(p) = -2*p**3 - 10*p**2 - 13*p - 10. What is the remainder when d(-8) is divided by i?
10
Let s = 208 + -200. Let c = 27 - s. What is the remainder when 70 is divided by c?
13
Suppose 95*q - 89*q = 1992. Suppose 4*h = -4*j + q, -4*j - 2*h + 234 + 92 = 0. Calculate the remainder when 157 is divided by j.
77
Suppose l - 54 - 46 = -3*j, -2*l = -3*j + 88. Suppose -620*h = -644*h + 312. Calculate the remainder when j is divided by h.
6
Let a = 328 + -325. Calculate the remainder when 34 is divided by (-4)/a*((-332)/16 + 11).
8
Suppose -2*g - 137 = -5*y, -3*g = 4*y - 7*g - 100. Calculate the remainder when 88 is divided by y.
1
Let p = -91535 - -91708. Suppose d + 65 = 3*f, -f = -d - 14 - 5. Calculate the remainder when p is divided by f.
12
Let j(r) = r**2 - 4*r + 2. Let y be j(4). Suppose -y*m = -4*m + 56. Suppose 88 = 4*x + 5*t, 21 = -5*x + 6*x + t. What is the remainder when m is divided by x?
11
Suppose 3*t + 7 = -5*v, -45*v + 4*t + 19 = -42*v. What is the remainder when 84 is divided by -1*v/1*360/(-8)?
39
Let j(p) = 3*p - 44. Let a be j(16). Suppose a*o - 122 = 6. What is the remainder when 190 is divided by o?
30
Suppose 0 = -2*q - 3*c - 1386, 0*c + 5*c = 2*q + 1386. Let s = q + 735. Calculate the remainder when 79 is divided by s.
37
Suppose 4*u - 401 = -133. Suppose q + 3*y = 63, 3*q - 4*y = 174 + u. Suppose 88*d - 83*d - q = 0. Calculate the remainder when 28 is divided by d.
13
Suppose -4089 = -75*z - 864. What is the remainder when 69 is divided by z?
26
Let c(w) = -w**3 + 6*w**2 + 5*w + 7. Let n be c(7). Let f(x) = -3*x + 3. Calculate the remainder when 94 is divided by f(n).
22
Calculate the remainder when 52 is divided by ((-910)/105)/((58/(-18) + 3)*3).
0
Suppose 2*i - 8946 = -4*o, 10*i + 4*o - 13425 = 7*i. Calculate the remainder when i is divided by 32.
31
What is the remainder when 1887 is divided by (162/(-216))/(4/(-1264))?
228
Let h(d) = 2*d**2 - 11*d + 8. Let q(a) = 4*a**2 + 8*a - 5. Let o be q(-3). Calculate the remainder when h(o) is divided by 73/5 - (-10)/25.
14
Let z be (-4)/2 - (-90 + -4). Let l be (((-3)/(-4))/(-1))/(23/z). Calculate the remainder when ((-51)/l)/((4/(-12))/(-1)) is divided by 18.
15
Suppose 2*q - 3*s - 9 = 0, 43*q - 46*q - 4*s = -39. Suppose 0 = -8*d - 17 + 105. What is the remainder when d is divided by q?
2
Suppose 0 = -5*l - 20, -3*u + 2*l = -619 - 1834. Suppose 15*g - 3920 = -u. What is the remainder when g is divided by 16?
15
Let t(a) = 27 + 0*a**3 + a**3 - 12*a**2 - 17*a + 26 - 13*a. What is the remainder when t(14) is divided by 15?
10
Suppose -15 = -3*s, -n + 4*s - 12 = -22. Calculate the remainder when 106 is divided by n.
16
Let w = -338 - -412. Suppose z = v + 153, 159 = z + 3*v + 2*v. Calculate the remainder when w is divided by (1/(-2))/((-7)/z).
8
Let s = -1882 + 1952. What is the remainder when 8187 is divided by s?
67
Let p = 4235 - 4128. Calculate the remainder when 1386 is divided by p.
102
Let f be (-4998)/(-85) + 2/10. Let o = -23